- f = 0. Calculate the remainder when x is divided by (1/2)/(2/52).
12
Let a = 12 + 1. Suppose v + a - 35 = 0. What is the remainder when 63 is divided by v?
19
Let w(k) = -k**2 - 14*k + 27. What is the remainder when w(-15) is divided by (-2)/1*7/(-2)?
5
Let m = 174 - 102. What is the remainder when m is divided by 25?
22
Suppose -5*s + 3*a = -0*s - 227, 5*s - 195 = -5*a. Suppose -3*t - 3*v = -51, -52 = -3*t + 3*v - 13. What is the remainder when s is divided by t?
13
Suppose -7*f + 28 = -3*f. Let r(a) = -a**3 + 11*a**2 + 12*a + 12. Calculate the remainder when r(12) is divided by f.
5
What is the remainder when 30 is divided by (-22)/(-1*(2 - 0))?
8
Let l(p) = p**3 - 15*p**2 + 15*p + 6. Calculate the remainder when 78 is divided by l(14).
18
Suppose -3*j + 124 = 3*y - j, -4*y + 172 = 4*j. What is the remainder when y is divided by 10?
8
Let n = 21 + 2. Suppose -37 - n = -4*i. Calculate the remainder when 44 is divided by i.
14
Let n(p) = 22*p**3 - p**2. Calculate the remainder when n(1) is divided by 6.
3
Suppose 2*o = -2 - 0, -3 = -s - o. Suppose -20 = s*g - 52. Let b(j) = -21*j + 1. What is the remainder when b(-1) is divided by g?
6
Let f(v) = 5*v**3 - v**2 + 3*v - 1. Calculate the remainder when f(2) is divided by (0 + 1)*(-3)/(15/(-55)).
8
Let z(q) = 3*q - 3. Suppose -5 = -3*v + b, 0 = -4*v - 5*b + 2 + 30. Calculate the remainder when 22 is divided by z(v).
4
Suppose -4*u - k + 2562 = 0, -u - u = 2*k - 1284. Suppose 3*g - u + 136 = 0. Calculate the remainder when g/9 - (-2)/(-3) is divided by 10.
8
Suppose -3*d - 2*d = -25. What is the remainder when 12 is divided by d?
2
Let l(k) = -k**3 + 11*k**2 - 6*k + 11. Suppose -4*b = -v + 18, v + 4*b = 6*v - 90. Calculate the remainder when l(10) is divided by v.
15
Suppose 3*s = s + 6. Suppose 0 = -s*o - 5*b + 5 - 23, 0 = 4*o - 5*b + 24. Calculate the remainder when ((-14)/(-4))/(o/(-60)) is divided by 18.
17
Let w(l) = -l**3 - l**2 + l + 12. Let f = 29 - 7. What is the remainder when f is divided by w(0)?
10
Let v(d) be the second derivative of d**4/12 - d**3/6 + 7*d**2/2 - 2*d. Let g = 27 + -14. What is the remainder when g is divided by v(0)?
6
Let m(t) = -t**3 - 8*t**2 + 20*t + 16. What is the remainder when m(-10) is divided by 6?
4
Calculate the remainder when 0 + 29 + 1 + 3 is divided by 13.
7
Let i be (-2*3)/(3/(-2)). Suppose g - i*g = -120. Suppose 19 = 2*s - 9. Calculate the remainder when g is divided by s.
12
Calculate the remainder when (-5700)/(-80) + (-5)/4 is divided by 36.
34
Let s(q) = q**2 - 3*q - 5. Let j be s(4). Let g = -23 + 40. Calculate the remainder when g is divided by 9 - (2 + 2*j).
8
Let a(g) = 25 + 1 + 2*g - 11. What is the remainder when 28 is divided by a(0)?
13
Let u be ((-6)/(-4))/((-2)/8). Let o = u + 13. What is the remainder when 11 is divided by o?
4
Suppose 2*d - 2*v - v = 102, -3*d + 3*v + 153 = 0. Let q be (-2 - -5)/(9/(-6)). What is the remainder when d is divided by q + (-2*1 - -17)?
12
Suppose 0 = -3*n + 17 + 13. What is the remainder when (5 - 0)*44/n is divided by 8?
6
Let u be 0 - -3 - (-1 + 2). Suppose -2*i = -3*y + 20, -i + 3*i = -u. Let n = y + -3. Calculate the remainder when 7 is divided by n.
1
Let k = 58 - -47. Suppose -4*s = s - k. Suppose -s = -2*h - 3. Calculate the remainder when 16 is divided by h.
7
Let f = -1 - -3. Suppose -5 + 31 = f*u. Suppose 2*a - 73 = -23. Calculate the remainder when a is divided by u.
12
Suppose -4*f - 2*o + 42 = 0, -3*f - 3*o + 12 = -18. Suppose 4*w - 2*w - 8 = 0. What is the remainder when f is divided by w?
3
Let m(f) = 54*f**2 - f. Calculate the remainder when m(1) is divided by 4/(-3)*189/(-14).
17
Let l(w) = -3*w - 27. Let x = 20 + -5. Suppose 0 = -4*a - p + x, 2*a - 2*p - 6 = -2*a. Calculate the remainder when l(-10) is divided by a.
0
Let t(p) = p**2 + 11*p + 15. Calculate the remainder when t(-12) is divided by 10.
7
Let i = 12 - -1. What is the remainder when 50 is divided by i?
11
Suppose -5*g = 4*g - 261. What is the remainder when g is divided by 8?
5
Calculate the remainder when 3/(-5)*-1 - (-62)/5 is divided by 7.
6
Suppose -4*r - 5 = 3, -5*z + 75 = 5*r. What is the remainder when 46 is divided by z?
12
Let y be 4/(-10) + 68/20. Suppose q - 219 = z - 6*z, 184 = 4*z + y*q. What is the remainder when z is divided by 11?
10
Let l(n) = n**2 + 1. Let z(w) = -2*w**2 - 5*w - 6. Let s(i) = 3*l(i) + z(i). Let g be s(6). What is the remainder when 15 is divided by (1 - 13)/(g/(-2))?
7
Suppose -c - 4*i - 3 = 3, i + 2 = 0. Suppose -25 = -c*j - 3*j. What is the remainder when 19 is divided by j?
4
Suppose b = 6 + 29. Let i = -13 + 32. Suppose 0 = -2*h - 4, -4*f + 4*h = -37 - i. What is the remainder when b is divided by f?
11
Let w = 66 + -27. Let x = 3 - 5. Let h(p) = -5*p. What is the remainder when w is divided by h(x)?
9
Let n = -122 + 235. What is the remainder when n is divided by 23?
21
Let i be ((-12)/16)/((-2)/8). Suppose -i*p + 9 + 6 = 0. Suppose -n + p = 4. Calculate the remainder when 2 is divided by n.
0
Suppose 200 = 2*f + 5*c + 45, 2*f - 5*c - 145 = 0. What is the remainder when f is divided by 39?
36
Let j = 20 - 25. What is the remainder when (-43)/j - (-12)/30 is divided by 3?
0
Let m(v) = -10*v - 3. What is the remainder when m(-2) is divided by ((-25)/15)/((-2)/12)?
7
Calculate the remainder when -3 - ((-213)/3 + -3) is divided by 12.
11
Let h = -92 + 135. What is the remainder when h is divided by 23?
20
Let g(x) = 6*x - 3. Let s be g(6). Suppose 5*k - 17 = s. What is the remainder when 29 is divided by k?
9
Let f(s) be the first derivative of s**4/4 + 2*s**3 + 3*s**2/2 + s - 1. What is the remainder when 31 is divided by f(-2)?
9
Suppose -m + q + 62 = -8, 0 = -3*m - q + 210. Calculate the remainder when m is divided by 18.
16
Suppose -487*a + 5 = -482*a. Suppose 4*j - 18 = t, 3*t = -3*j + 11 + 10. Calculate the remainder when t is divided by a.
0
Let a = 6 + -2. Let l(s) = s**2 - 14*s + 3. What is the remainder when a is divided by l(14)?
1
Let x = -89 - -124. Let r = 28 - 10. What is the remainder when x is divided by r?
17
Let u be 50*(0 + 1 - 0). Let k = 90 - u. What is the remainder when k is divided by 14?
12
What is the remainder when 37 is divided by 10 + (0 - 0/1)?
7
Suppose -42 = -2*o - 4*f, 4*f - 87 = -0*o - 5*o. Let k(j) = -3 + 2 - o*j - 1. What is the remainder when k(-2) is divided by 10?
8
Suppose 0 = 6*h - 9*h + 3. Suppose 2*g - h = 15. Suppose 16 + 30 = 2*p. Calculate the remainder when p is divided by g.
7
Suppose 3*i + 4*u - 974 - 72 = 0, -u = 4. Suppose -3*y + 9*y = i. Calculate the remainder when y is divided by 20.
19
Suppose 7*h = 4*h. Calculate the remainder when 22 is divided by 16*(3/6 + h).
6
Let i = -34 - -72. Suppose -h + 4*h - 18 = 2*k, 0 = 4*h + 3*k - 24. Calculate the remainder when i is divided by -39*-1*2/h.
12
Suppose 2*d - 9 + 25 = 0. Let b be 3/(-1) - d/1. Suppose 2*i + n = -0*n + 123, i + b*n = 48. Calculate the remainder when i is divided by 16.
15
Suppose -1 = -3*b + 5. Calculate the remainder when 75 is divided by ((-104)/(-12))/(b/6).
23
Suppose -66 = -2*w - 5*o, -2*w + 3*o = -w - 55. Let b = w + -29. Suppose 0*t + 130 = 5*t. Calculate the remainder when t is divided by b.
12
Let i(o) = o**2 - 7*o + 28. Calculate the remainder when i(5) is divided by 3.
0
Suppose 0 = -4*g + 6*g - 6. Suppose s - g = -5*c - 6, -5*s + 73 = 3*c. Calculate the remainder when 33 is divided by s.
16
Let y = 13 - 8. What is the remainder when (-2 + (26 - -2))*1/2 is divided by y?
3
Let u = -29 - -60. Let i = u + -21. What is the remainder when 17 is divided by i?
7
Let l(a) = 3*a**2 - 6*a - 1. Calculate the remainder when 23 is divided by l(3).
7
Let d(w) = w**2 + 6*w - 2. Let g be d(-8). Let s = g + 30. Calculate the remainder when s is divided by (-5)/(2/12*-2).
14
Suppose -3*x - 70 = -10*x. What is the remainder when 55 is divided by x?
5
Suppose -3*r = -2 - 25. Let i(p) = p**2 - 7*p - 7. Suppose 16 = 4*h, 0*h + 3*h - 136 = -4*v. What is the remainder when v is divided by i(r)?
9
What is the remainder when 7*11/77*(-31)/(-1) is divided by (1 + -5)*34/(-8)?
14
Suppose -5*d - 2*f + 659 = 0, 4*d = 2*f - 4*f + 526. Calculate the remainder when d is divided by 27.
25
Let i = 8 + -16. Let m(c) = 7*c**2 + 2*c**2 + c**3 - c - 8 + 7*c. Calculate the remainder when 15 is di